?
-23310112330231
In base 3, what is 1220101210121121 - -1?
1220101210121122
In base 5, what is -10 - -1201410110?
1201410100
In base 11, what is -29 + 9a01a66?
9a01a38
In base 8, what is -73326 - 601?
-74127
In base 7, what is -44530366 + 41?
-44530325
In base 12, what is 5715 - -a70?
6585
In base 16, what is 1875e20 + 4?
1875e24
In base 3, what is 101200020120001 + 2?
101200020120010
In base 11, what is -8421 + -22983?
-302a4
In base 2, what is 111110001011100111101000011110 + -11?
111110001011100111101000011011
In base 11, what is -21322 + -1a9?
-21520
In base 2, what is -10011 - 1110111100011011000100?
-1110111100011011010111
In base 3, what is 21021020210101 + 2?
21021020210110
In base 5, what is -20242401 - -340?
-20242011
In base 2, what is -10010000101011100111010 - 11000?
-10010000101011101010010
In base 4, what is 1020201321 + 321?
1020202302
In base 16, what is adb54f - -5?
adb554
In base 7, what is 54 + -106041014?
-106040630
In base 16, what is -6758 + -171d?
-7e75
In base 5, what is 1404310113 + 12?
1404310130
In base 3, what is 2 - 1100122211202121?
-1100122211202112
In base 12, what is 1 - -31a42195?
31a42196
In base 9, what is -11 - -133216?
133205
In base 8, what is -16 - 1253047?
-1253065
In base 2, what is 111100011110011010110 + 10?
111100011110011011000
In base 13, what is -2161 + -45c9?
-675a
In base 12, what is -67382 - 572?
-67934
In base 14, what is -81 + -16a48?
-16ac9
In base 16, what is 2645a + 7e3?
26c3d
In base 3, what is -11 + -222222111120102?
-222222111120120
In base 13, what is b62 - -83bc0?
84a52
In base 13, what is 3638a + -50?
3633a
In base 10, what is 132129 + 1078?
133207
In base 5, what is 1 - 4242012131?
-4242012130
In base 6, what is -321351513 + -10?
-321351523
In base 12, what is -43 - -98015?
97b92
In base 5, what is -1230302303 - -4?
-1230302244
In base 10, what is -32 + 33408?
33376
In base 12, what is 10b429a - -4a?
10b4328
In base 8, what is -13007723 + 7?
-13007714
In base 8, what is 1613 - -343327?
345142
In base 3, what is -1012210201 + 121010002?
-121200122
In base 7, what is -5303266 + -31?
-5303330
In base 13, what is -5 - 25284910?
-25284915
In base 8, what is 26 - 15475333?
-15475305
In base 12, what is -68 - -2448a2?
244836
In base 14, what is -7c8b4 - -a0a?
-7bca8
In base 3, what is 1112201 + 2100101?
10220002
In base 10, what is -867995 + -31?
-868026
In base 3, what is -1001 + 211110112220020?
211110112212012
In base 2, what is 10101011 + -110011101010000101?
-110011100111011010
In base 3, what is 11 - -2102122021011?
2102122021022
In base 11, what is 1 + -1309215aa?
-1309215a9
In base 10, what is -4767 + 202296?
197529
In base 9, what is 1124 + -161725?
-160601
In base 2, what is -1010010100001111 - 10010001?
-1010010110100000
In base 2, what is -10000100010100001 + -101101110?
-10000101000001111
In base 12, what is -a061a + 37?
-a05a3
In base 15, what is 4 + -134578?
-134574
In base 14, what is 663 + -2800a?
-27787
In base 11, what is 7345691 + -4?
7345688
In base 3, what is -21220212 - -210110001?
111112012
In base 13, what is 4 - 544440?
-544439
In base 6, what is -33353 - 4505?
-42302
In base 9, what is -1 - -246356428?
246356427
In base 13, what is 2 + -18c7a449?
-18c7a447
In base 5, what is -441230 - 33413?
-1030143
In base 7, what is 3153 + 126261?
132444
In base 12, what is 64440 + 1556?
65996
In base 7, what is 402220360 - 5?
402220352
In base 10, what is 5082473 - -5?
5082478
In base 14, what is 4c5b329 - -3?
4c5b32c
In base 16, what is -133 + 13c0c?
13ad9
In base 16, what is 3 - -6ff2b?
6ff2e
In base 2, what is 1001 - 111001110111101011?
-111001110111100010
In base 13, what is -3 - -abac87a?
abac877
In base 10, what is 649 + 731946?
732595
In base 14, what is 42d223b - -17?
42d2254
In base 12, what is -425290 - -45?
-425247
In base 16, what is -7e - 263?
-2e1
In base 4, what is 300 - -101133330?
101200230
In base 15, what is 5a4d18 - 11?
5a4d07
In base 11, what is 47405 - 23?
47392
In base 10, what is -54 - -277249?
277195
In base 9, what is 4 - 2268081?
-2268076
In base 4, what is 302 - 112213201331?
-112213201023
In base 10, what is -66851 - -13?
-66838
In base 11, what is 3041a + -17269?
14161
In base 15, what is 4 - -80b6e?
80b73
In base 16, what is 40d6ed4 - -4?
40d6ed8
In base 3, what is 22200220021 - -10121?
22201000212
In base 7, what is 10425 - -12320?
23045
In base 10, what is -150726 - 6?
-150732
In base 7, what is 323045251 - 1?
323045250
In base 8, what is -30655660 + 0?
-30655660
In base 14, what is -61 + 492a?
48a9
In base 16, what is -26dc683 + 2?
-26dc681
In base 5, what is 1434 + -31310232?
-31303243
In base 12, what is 8600 + -25b9?
6003
In base 11, what is -5 + -3068102?
-3068107
In base 7, what is -20 - 156206066?
-156206116
In base 5, what is -4 + -1311221341340?
-1311221341344
In base 9, what is 20 + 1314306?
1314326
In base 16, what is 1 - -17ac59?
17ac5a
In base 7, what is -3 + -31404012?
-31404015
In base 6, what is 314332 + 3304?
322040
In base 13, what is -a90 - -740a?
664a
In base 10, what is -1739856 - -6?
-1739850
In base 3, what is -2100201 - 11211211?
-21012112
In base 11, what is 717a4512 + -4?
717a4509
In base 9, what is 42008 + 6247?
48256
In base 11, what is -13293 + -1584?
-14867
In base 2, what is -101100000001111011 + -10100?
-101100000010001111
In base 13, what is 24 - -190187?
1901ab
In base 12, what is -214246167 - 2?
-214246169
In base 12, what is 149 - 20087?
-1bb3a
In base 12, what is 545 + -1623b?
-158b6
In base 9, what is -2 - -7340181?
7340178
In base 13, what is -4cb6 + -299?
-5282
In base 9, what is 135 - -10286086?
10286232
In base 6, what is -45450345 + 135?
-45450210
In base 9, what is 35336465 + -4?
35336461
In base 2, what is 1 - -10011001001110000010000?
10011001001110000010001
In base 5, what is -2343401222 - 3?
-2343401230
In base 4, what is -2020 + -212120312132?
-212120320212
In base 13, what is 5 - -ba78c?
ba794
In base 15, what is -1286 + -782?
-1a18
In base 9, what is 5 + 830856?
830862
In base 8, what is 1262 - 3703735?
-3702453
In base 11, what is -24 + -2696048?
-2696071
In base 15, what is -a - 3ace993?
-3ace99d
In base 8, what is -3217 - 142146?
-145365
In base 3, what is -12000010001 - -200?
-12000002101
In base 5, what is -3102440212 - -3?
-3102440204
In base 13, what is 582 - 16ac2?
-16540
In base 12, what is -2004bb6 + 1?
-2004bb5
In base 15, what is -7188b - -566?
-71325
In base 3, what is 202211222 + 10021221002?
11001210001
In base 15, what is a605 - 1e33?
86c2
In base 4, what is 20111333102133 + 2?
20111333102201
In base 4, what is 0 - 11011213322213?
-11011213322213
In base 12, what is 115502652 - 0?
115502652
In base 6, what is 30242050 - 2415?
30235231
In base 2, what is 1010 - 110110001010101111?
-110110001010100101
In base 7, what is 352201 + -150?
352021
In base 12, what is 181 - 18a40?
-1887b
In base 9, what is -4542 + -3613?
-8255
In base 14, what is 3 + 90c3238?
90c323b
In base 2, what is 10011111010010101001 - -10101?
10011111010010111110
In base 16, what is 4 - -16a077?
16a07b
In base 14, what is -1 + -126ba74?
-126ba75
In base 9, what is -44873 - 41?
-45024
In base 8, what is 17613 - 10147?
7444
In base 16, what is 17 - -1f8419?
1f8430
In base 7, what is -30 - 302632?
-302662
In base 14, what is -17 + 3a623?
3a60a
In base 13, what is -113b - -46c64?
45b26
In base 5, what is -133440413 + -403?
-133441321
In base 11, what is 2791904 + -3?
2791901
In base 2, what is -10 + 101001110101101110110?
101001110101101110100
In base 16, what is 2 + -c4f56c6?
-c4f56c4
In base 3, what is -1221012100002 - 11012?
-1221012111021
In base 9, what is -10115 + 3066?
-6038
In base 6, what is -13205 + 211054?
153445
In base 13, what is 16ba - -12184?
13871
In base 15, what is 1623d - 2b?
16212
In base 6, what is 10440201 + -151?
10440010
In base 8, what is -2 + 1033223056?
1033223054
In base 6, what is 230052424331 + 4?
230052424335
In base 15, what is -10ee - 279?
-1378
In base 10, what is 257170 - 315?
256855
In base 12, what is 33 + -ba3b02?
-ba3a8b
In base 6, what is 51335 + 504503?
1000242
In base 5, what is -1113241 + -311431?
-1430222
In base 6, what is -1205442 + -143?
-1210025
In base 12, what is -4b919 - 1340?
-51059
In base 10, what is -2 + 11500276?
11500274
In base 9, what is 8687355 + -4